{"id":178,"date":"2023-06-05T17:02:45","date_gmt":"2023-06-05T16:02:45","guid":{"rendered":"https:\/\/kozmetickistudiobriliant.rs\/?page_id=178"},"modified":"2023-06-07T11:00:13","modified_gmt":"2023-06-07T10:00:13","slug":"lash-brow-lift","status":"publish","type":"page","link":"https:\/\/briliant.borkoilic.com\/?page_id=178","title":{"rendered":"LASH &#038; BROW LIFT"},"content":{"rendered":"\t\t<div data-elementor-type=\"wp-page\" data-elementor-id=\"178\" class=\"elementor elementor-178\" data-elementor-post-type=\"page\">\n\t\t\t\t\t\t<section class=\"ob-is-breaking-bad elementor-section elementor-top-section elementor-element elementor-element-c3dfaa2 elementor-section-full_width elementor-section-height-min-height elementor-section-height-default elementor-section-items-middle\" data-id=\"c3dfaa2\" data-element_type=\"section\" data-e-type=\"section\" data-settings=\"{&quot;background_background&quot;:&quot;classic&quot;,&quot;_ob_bbad_use_it&quot;:&quot;yes&quot;,&quot;_ob_bbad_sssic_use&quot;:&quot;no&quot;,&quot;_ob_glider_is_slider&quot;:&quot;no&quot;}\">\n\t\t\t\t\t\t\t<div class=\"elementor-background-overlay\"><\/div>\n\t\t\t\t\t\t\t<div class=\"elementor-container elementor-column-gap-default\">\n\t\t\t\t\t<div class=\"elementor-column elementor-col-100 elementor-top-column elementor-element elementor-element-9680ef4\" data-id=\"9680ef4\" data-element_type=\"column\" data-e-type=\"column\" data-settings=\"{&quot;_ob_bbad_is_stalker&quot;:&quot;no&quot;,&quot;_ob_teleporter_use&quot;:false,&quot;_ob_column_hoveranimator&quot;:&quot;no&quot;,&quot;_ob_column_has_pseudo&quot;:&quot;no&quot;}\">\n\t\t\t<div class=\"elementor-widget-wrap elementor-element-populated\">\n\t\t\t\t\t\t<div class=\"elementor-element elementor-element-dd5a231 ob-harakiri-inherit ob-has-background-overlay elementor-widget elementor-widget-heading\" data-id=\"dd5a231\" data-element_type=\"widget\" data-e-type=\"widget\" data-settings=\"{&quot;_ob_use_harakiri&quot;:&quot;yes&quot;,&quot;_ob_harakiri_writing_mode&quot;:&quot;inherit&quot;,&quot;_ob_harakiri_text_clip&quot;:&quot;none&quot;,&quot;_ob_perspektive_use&quot;:&quot;no&quot;,&quot;_ob_poopart_use&quot;:&quot;yes&quot;,&quot;_ob_shadough_use&quot;:&quot;no&quot;,&quot;_ob_allow_hoveranimator&quot;:&quot;no&quot;,&quot;_ob_widget_stalker_use&quot;:&quot;no&quot;}\" data-widget_type=\"heading.default\">\n\t\t\t\t<div class=\"elementor-widget-container\">\n\t\t\t\t\t<h2 class=\"elementor-heading-title elementor-size-default\">LASH &amp; BROW LIFT:<\/h2>\t\t\t\t<\/div>\n\t\t\t\t<\/div>\n\t\t\t\t\t<\/div>\n\t\t<\/div>\n\t\t\t\t\t<\/div>\n\t\t<\/section>\n\t\t\t\t<section class=\"ob-is-breaking-bad elementor-section elementor-top-section elementor-element elementor-element-1a633bb elementor-section-boxed elementor-section-height-default elementor-section-height-default\" data-id=\"1a633bb\" data-element_type=\"section\" data-e-type=\"section\" data-settings=\"{&quot;_ob_bbad_use_it&quot;:&quot;yes&quot;,&quot;_ob_bbad_sssic_use&quot;:&quot;no&quot;,&quot;_ob_glider_is_slider&quot;:&quot;no&quot;}\">\n\t\t\t\t\t\t<div class=\"elementor-container elementor-column-gap-default\">\n\t\t\t\t\t<div class=\"elementor-column elementor-col-100 elementor-top-column elementor-element elementor-element-32ea7db\" data-id=\"32ea7db\" data-element_type=\"column\" data-e-type=\"column\" data-settings=\"{&quot;_ob_bbad_is_stalker&quot;:&quot;no&quot;,&quot;_ob_teleporter_use&quot;:false,&quot;_ob_column_hoveranimator&quot;:&quot;no&quot;,&quot;_ob_column_has_pseudo&quot;:&quot;no&quot;}\">\n\t\t\t<div class=\"elementor-widget-wrap elementor-element-populated\">\n\t\t\t\t\t\t<section class=\"ob-is-breaking-bad ob-bb-inner elementor-section elementor-inner-section elementor-element elementor-element-bdf3132 elementor-section-boxed elementor-section-height-default elementor-section-height-default\" data-id=\"bdf3132\" data-element_type=\"section\" data-e-type=\"section\" data-settings=\"{&quot;_ob_bbad_use_it&quot;:&quot;yes&quot;,&quot;_ob_bbad_sssic_use&quot;:&quot;no&quot;,&quot;_ob_glider_is_slider&quot;:&quot;no&quot;}\">\n\t\t\t\t\t\t<div class=\"elementor-container elementor-column-gap-default\">\n\t\t\t\t\t<div class=\"elementor-column elementor-col-50 elementor-inner-column elementor-element elementor-element-1a5a3d2\" data-id=\"1a5a3d2\" data-element_type=\"column\" data-e-type=\"column\" data-settings=\"{&quot;_ob_bbad_is_stalker&quot;:&quot;no&quot;,&quot;_ob_teleporter_use&quot;:false,&quot;_ob_column_hoveranimator&quot;:&quot;no&quot;,&quot;_ob_column_has_pseudo&quot;:&quot;no&quot;}\">\n\t\t\t<div class=\"elementor-widget-wrap elementor-element-populated\">\n\t\t\t\t\t\t<div class=\"elementor-element elementor-element-6dde9b9 ob-has-background-overlay elementor-widget elementor-widget-image\" data-id=\"6dde9b9\" data-element_type=\"widget\" data-e-type=\"widget\" data-settings=\"{&quot;_ob_photomorph_use&quot;:&quot;no&quot;,&quot;_ob_perspektive_use&quot;:&quot;no&quot;,&quot;_ob_poopart_use&quot;:&quot;yes&quot;,&quot;_ob_shadough_use&quot;:&quot;no&quot;,&quot;_ob_allow_hoveranimator&quot;:&quot;no&quot;,&quot;_ob_widget_stalker_use&quot;:&quot;no&quot;}\" data-widget_type=\"image.default\">\n\t\t\t\t<div class=\"elementor-widget-container\">\n\t\t\t\t\t\t\t\t\t\t\t\t\t\t\t\t<a href=\"https:\/\/briliant.borkoilic.com\/wp-content\/uploads\/2023\/06\/IMG-20230526-WA0000.jpg\" data-elementor-open-lightbox=\"yes\" data-elementor-lightbox-title=\"IMG-20230526-WA0000\" data-e-action-hash=\"#elementor-action%3Aaction%3Dlightbox%26settings%3DeyJpZCI6MTgwLCJ1cmwiOiJodHRwczpcL1wvYnJpbGlhbnQuYm9ya29pbGljLmNvbVwvd3AtY29udGVudFwvdXBsb2Fkc1wvMjAyM1wvMDZcL0lNRy0yMDIzMDUyNi1XQTAwMDAuanBnIn0%3D\">\n\t\t\t\t\t\t\t<img fetchpriority=\"high\" decoding=\"async\" width=\"1024\" height=\"1024\" src=\"https:\/\/briliant.borkoilic.com\/wp-content\/uploads\/2023\/06\/IMG-20230526-WA0000-1024x1024.jpg\" class=\"attachment-large size-large wp-image-180\" alt=\"\" srcset=\"https:\/\/briliant.borkoilic.com\/wp-content\/uploads\/2023\/06\/IMG-20230526-WA0000-1024x1024.jpg 1024w, https:\/\/briliant.borkoilic.com\/wp-content\/uploads\/2023\/06\/IMG-20230526-WA0000-300x300.jpg 300w, https:\/\/briliant.borkoilic.com\/wp-content\/uploads\/2023\/06\/IMG-20230526-WA0000-150x150.jpg 150w, https:\/\/briliant.borkoilic.com\/wp-content\/uploads\/2023\/06\/IMG-20230526-WA0000-768x768.jpg 768w, https:\/\/briliant.borkoilic.com\/wp-content\/uploads\/2023\/06\/IMG-20230526-WA0000-1536x1536.jpg 1536w, https:\/\/briliant.borkoilic.com\/wp-content\/uploads\/2023\/06\/IMG-20230526-WA0000.jpg 1600w\" sizes=\"(max-width: 1024px) 100vw, 1024px\" \/>\t\t\t\t\t\t\t\t<\/a>\n\t\t\t\t\t\t\t\t\t\t\t\t\t\t\t<\/div>\n\t\t\t\t<\/div>\n\t\t\t\t<div class=\"elementor-element elementor-element-ba7c659 elementor-hidden-mobile ob-has-background-overlay elementor-widget elementor-widget-gallery\" data-id=\"ba7c659\" data-element_type=\"widget\" data-e-type=\"widget\" data-settings=\"{&quot;columns&quot;:5,&quot;lazyload&quot;:&quot;yes&quot;,&quot;gallery_layout&quot;:&quot;grid&quot;,&quot;columns_tablet&quot;:2,&quot;columns_mobile&quot;:1,&quot;gap&quot;:{&quot;unit&quot;:&quot;px&quot;,&quot;size&quot;:10,&quot;sizes&quot;:[]},&quot;gap_tablet&quot;:{&quot;unit&quot;:&quot;px&quot;,&quot;size&quot;:10,&quot;sizes&quot;:[]},&quot;gap_mobile&quot;:{&quot;unit&quot;:&quot;px&quot;,&quot;size&quot;:10,&quot;sizes&quot;:[]},&quot;link_to&quot;:&quot;file&quot;,&quot;aspect_ratio&quot;:&quot;3:2&quot;,&quot;overlay_background&quot;:&quot;yes&quot;,&quot;content_hover_animation&quot;:&quot;fade-in&quot;,&quot;_ob_perspektive_use&quot;:&quot;no&quot;,&quot;_ob_poopart_use&quot;:&quot;yes&quot;,&quot;_ob_shadough_use&quot;:&quot;no&quot;,&quot;_ob_allow_hoveranimator&quot;:&quot;no&quot;,&quot;_ob_widget_stalker_use&quot;:&quot;no&quot;}\" data-widget_type=\"gallery.default\">\n\t\t\t\t<div class=\"elementor-widget-container\">\n\t\t\t\t\t\t\t<div class=\"elementor-gallery__container\">\n\t\t\t\t\t\t\t<a class=\"e-gallery-item elementor-gallery-item elementor-animated-content\" href=\"https:\/\/briliant.borkoilic.com\/wp-content\/uploads\/2023\/06\/IMG-20230131-WA0003-1.jpg\" data-elementor-open-lightbox=\"yes\" data-elementor-lightbox-slideshow=\"ba7c659\" data-elementor-lightbox-title=\"IMG-20230131-WA0003\" data-e-action-hash=\"#elementor-action%3Aaction%3Dlightbox%26settings%3DeyJpZCI6MTgxLCJ1cmwiOiJodHRwczpcL1wvYnJpbGlhbnQuYm9ya29pbGljLmNvbVwvd3AtY29udGVudFwvdXBsb2Fkc1wvMjAyM1wvMDZcL0lNRy0yMDIzMDEzMS1XQTAwMDMtMS5qcGciLCJzbGlkZXNob3ciOiJiYTdjNjU5In0%3D\">\n\t\t\t\t\t<div class=\"e-gallery-image elementor-gallery-item__image\" data-thumbnail=\"https:\/\/briliant.borkoilic.com\/wp-content\/uploads\/2023\/06\/IMG-20230131-WA0003-1-140x300.jpg\" data-width=\"140\" data-height=\"300\" aria-label=\"\" role=\"img\" ><\/div>\n\t\t\t\t\t\t\t\t\t\t\t<div class=\"elementor-gallery-item__overlay\"><\/div>\n\t\t\t\t\t\t\t\t\t\t\t\t\t\t<\/a>\n\t\t\t\t\t\t\t<a class=\"e-gallery-item elementor-gallery-item elementor-animated-content\" href=\"https:\/\/briliant.borkoilic.com\/wp-content\/uploads\/2023\/06\/IMG-20230412-WA0002.jpg\" data-elementor-open-lightbox=\"yes\" data-elementor-lightbox-slideshow=\"ba7c659\" data-elementor-lightbox-title=\"IMG-20230412-WA0002\" data-e-action-hash=\"#elementor-action%3Aaction%3Dlightbox%26settings%3DeyJpZCI6MTgyLCJ1cmwiOiJodHRwczpcL1wvYnJpbGlhbnQuYm9ya29pbGljLmNvbVwvd3AtY29udGVudFwvdXBsb2Fkc1wvMjAyM1wvMDZcL0lNRy0yMDIzMDQxMi1XQTAwMDIuanBnIiwic2xpZGVzaG93IjoiYmE3YzY1OSJ9\">\n\t\t\t\t\t<div class=\"e-gallery-image elementor-gallery-item__image\" data-thumbnail=\"https:\/\/briliant.borkoilic.com\/wp-content\/uploads\/2023\/06\/IMG-20230412-WA0002-140x300.jpg\" data-width=\"140\" data-height=\"300\" aria-label=\"\" role=\"img\" ><\/div>\n\t\t\t\t\t\t\t\t\t\t\t<div class=\"elementor-gallery-item__overlay\"><\/div>\n\t\t\t\t\t\t\t\t\t\t\t\t\t\t<\/a>\n\t\t\t\t\t\t\t<a class=\"e-gallery-item elementor-gallery-item elementor-animated-content\" href=\"https:\/\/briliant.borkoilic.com\/wp-content\/uploads\/2023\/06\/IMG-20230412-WA0003.jpg\" data-elementor-open-lightbox=\"yes\" data-elementor-lightbox-slideshow=\"ba7c659\" data-elementor-lightbox-title=\"IMG-20230412-WA0003\" data-e-action-hash=\"#elementor-action%3Aaction%3Dlightbox%26settings%3DeyJpZCI6MTgzLCJ1cmwiOiJodHRwczpcL1wvYnJpbGlhbnQuYm9ya29pbGljLmNvbVwvd3AtY29udGVudFwvdXBsb2Fkc1wvMjAyM1wvMDZcL0lNRy0yMDIzMDQxMi1XQTAwMDMuanBnIiwic2xpZGVzaG93IjoiYmE3YzY1OSJ9\">\n\t\t\t\t\t<div class=\"e-gallery-image elementor-gallery-item__image\" data-thumbnail=\"https:\/\/briliant.borkoilic.com\/wp-content\/uploads\/2023\/06\/IMG-20230412-WA0003-140x300.jpg\" data-width=\"140\" data-height=\"300\" aria-label=\"\" role=\"img\" ><\/div>\n\t\t\t\t\t\t\t\t\t\t\t<div class=\"elementor-gallery-item__overlay\"><\/div>\n\t\t\t\t\t\t\t\t\t\t\t\t\t\t<\/a>\n\t\t\t\t\t\t\t<a class=\"e-gallery-item elementor-gallery-item elementor-animated-content\" href=\"https:\/\/briliant.borkoilic.com\/wp-content\/uploads\/2023\/06\/IMG-20230526-WA0000-1.jpg\" data-elementor-open-lightbox=\"yes\" data-elementor-lightbox-slideshow=\"ba7c659\" data-elementor-lightbox-title=\"IMG-20230526-WA0000\" data-e-action-hash=\"#elementor-action%3Aaction%3Dlightbox%26settings%3DeyJpZCI6MTg0LCJ1cmwiOiJodHRwczpcL1wvYnJpbGlhbnQuYm9ya29pbGljLmNvbVwvd3AtY29udGVudFwvdXBsb2Fkc1wvMjAyM1wvMDZcL0lNRy0yMDIzMDUyNi1XQTAwMDAtMS5qcGciLCJzbGlkZXNob3ciOiJiYTdjNjU5In0%3D\">\n\t\t\t\t\t<div class=\"e-gallery-image elementor-gallery-item__image\" data-thumbnail=\"https:\/\/briliant.borkoilic.com\/wp-content\/uploads\/2023\/06\/IMG-20230526-WA0000-1-300x300.jpg\" data-width=\"300\" data-height=\"300\" aria-label=\"\" role=\"img\" ><\/div>\n\t\t\t\t\t\t\t\t\t\t\t<div class=\"elementor-gallery-item__overlay\"><\/div>\n\t\t\t\t\t\t\t\t\t\t\t\t\t\t<\/a>\n\t\t\t\t\t\t\t<a class=\"e-gallery-item elementor-gallery-item elementor-animated-content\" href=\"https:\/\/briliant.borkoilic.com\/wp-content\/uploads\/2023\/06\/IMG-20230526-WA0001.jpg\" data-elementor-open-lightbox=\"yes\" data-elementor-lightbox-slideshow=\"ba7c659\" data-elementor-lightbox-title=\"IMG-20230526-WA0001\" data-e-action-hash=\"#elementor-action%3Aaction%3Dlightbox%26settings%3DeyJpZCI6MTg1LCJ1cmwiOiJodHRwczpcL1wvYnJpbGlhbnQuYm9ya29pbGljLmNvbVwvd3AtY29udGVudFwvdXBsb2Fkc1wvMjAyM1wvMDZcL0lNRy0yMDIzMDUyNi1XQTAwMDEuanBnIiwic2xpZGVzaG93IjoiYmE3YzY1OSJ9\">\n\t\t\t\t\t<div class=\"e-gallery-image elementor-gallery-item__image\" data-thumbnail=\"https:\/\/briliant.borkoilic.com\/wp-content\/uploads\/2023\/06\/IMG-20230526-WA0001-300x300.jpg\" data-width=\"300\" data-height=\"300\" aria-label=\"\" role=\"img\" ><\/div>\n\t\t\t\t\t\t\t\t\t\t\t<div class=\"elementor-gallery-item__overlay\"><\/div>\n\t\t\t\t\t\t\t\t\t\t\t\t\t\t<\/a>\n\t\t\t\t\t<\/div>\n\t\t\t\t\t<\/div>\n\t\t\t\t<\/div>\n\t\t\t\t\t<\/div>\n\t\t<\/div>\n\t\t\t\t<div class=\"elementor-column elementor-col-50 elementor-inner-column elementor-element elementor-element-3209fbc\" data-id=\"3209fbc\" data-element_type=\"column\" data-e-type=\"column\" data-settings=\"{&quot;_ob_bbad_is_stalker&quot;:&quot;no&quot;,&quot;_ob_teleporter_use&quot;:false,&quot;_ob_column_hoveranimator&quot;:&quot;no&quot;,&quot;_ob_column_has_pseudo&quot;:&quot;no&quot;}\">\n\t\t\t<div class=\"elementor-widget-wrap elementor-element-populated\">\n\t\t\t\t\t\t<div class=\"elementor-element elementor-element-bd36aa6 ob-harakiri-inherit ob-has-background-overlay elementor-widget elementor-widget-text-editor\" data-id=\"bd36aa6\" data-element_type=\"widget\" data-e-type=\"widget\" data-settings=\"{&quot;_ob_use_harakiri&quot;:&quot;yes&quot;,&quot;_ob_harakiri_writing_mode&quot;:&quot;inherit&quot;,&quot;_ob_postman_use&quot;:&quot;no&quot;,&quot;_ob_perspektive_use&quot;:&quot;no&quot;,&quot;_ob_poopart_use&quot;:&quot;yes&quot;,&quot;_ob_shadough_use&quot;:&quot;no&quot;,&quot;_ob_allow_hoveranimator&quot;:&quot;no&quot;,&quot;_ob_widget_stalker_use&quot;:&quot;no&quot;}\" data-widget_type=\"text-editor.default\">\n\t\t\t\t<div class=\"elementor-widget-container\">\n\t\t\t\t\t\t\t\t\t<ul><li><strong><em>Lash &amp; Brow Lift:<\/em><\/strong> ovo je tako\u0111e jedna od novijih i sve popularnijih usluga koje kozmeti\u010dki saloni nude. Lash Lift predstavlja tehniku uvijanja trepavica po principu mini-vala a u kombinaciji sa farbanjem trepavica dobija se efekat prirodno gu\u0161\u0107ih tamnjih i uvijenijih trepavica. Brow lift predstavlja bezbednu i bezbolnu metodu za podizanje i preoblikovanje obrva, koja koristi ve\u0107 postoje\u0107e dla\u010dice tako da nema nikakve veze sa trajnom \u0161minkom i sli\u010dnim tretmanima. Namenjena je devojkama i \u017eenama koje nisu zadovoljne oblikom prirodnih obrva ili im treba dosta vremena da iste popunjavaju razli\u010ditim proizvodima. Ovaj tretman traje oko sat vreme a nakon mesec dana mo\u017ee se raditi iznova.<\/li><\/ul>\t\t\t\t\t\t\t\t<\/div>\n\t\t\t\t<\/div>\n\t\t\t\t\t<\/div>\n\t\t<\/div>\n\t\t\t\t\t<\/div>\n\t\t<\/section>\n\t\t\t\t\t<\/div>\n\t\t<\/div>\n\t\t\t\t\t<\/div>\n\t\t<\/section>\n\t\t\t\t<\/div>\n\t\t","protected":false},"excerpt":{"rendered":"<p>LASH &#038; BROW LIFT: Lash &amp; Brow Lift: ovo je tako\u0111e jedna od novijih i sve popularnijih usluga koje kozmeti\u010dki saloni nude. Lash Lift predstavlja tehniku uvijanja trepavica po principu mini-vala a u kombinaciji sa farbanjem trepavica dobija se efekat prirodno gu\u0161\u0107ih tamnjih i uvijenijih trepavica. Brow lift predstavlja bezbednu i bezbolnu metodu za podizanje [&hellip;]<\/p>\n","protected":false},"author":1,"featured_media":0,"parent":0,"menu_order":0,"comment_status":"closed","ping_status":"closed","template":"elementor_header_footer","meta":{"_monsterinsights_skip_tracking":false,"_monsterinsights_sitenote_active":false,"_monsterinsights_sitenote_note":"","_monsterinsights_sitenote_category":0,"_uf_show_specific_survey":0,"_uf_disable_surveys":false,"site-sidebar-layout":"no-sidebar","site-content-layout":"page-builder","ast-site-content-layout":"default","site-content-style":"default","site-sidebar-style":"default","ast-global-header-display":"","ast-banner-title-visibility":"","ast-main-header-display":"","ast-hfb-above-header-display":"","ast-hfb-below-header-display":"","ast-hfb-mobile-header-display":"","site-post-title":"disabled","ast-breadcrumbs-content":"","ast-featured-img":"disabled","footer-sml-layout":"","ast-disable-related-posts":"","theme-transparent-header-meta":"","adv-header-id-meta":"","stick-header-meta":"","header-above-stick-meta":"","header-main-stick-meta":"","header-below-stick-meta":"","astra-migrate-meta-layouts":"default","ast-page-background-enabled":"default","ast-page-background-meta":{"desktop":{"background-color":"var(--ast-global-color-4)","background-image":"","background-repeat":"repeat","background-position":"center center","background-size":"auto","background-attachment":"scroll","background-type":"","background-media":"","overlay-type":"","overlay-color":"","overlay-opacity":"","overlay-gradient":""},"tablet":{"background-color":"","background-image":"","background-repeat":"repeat","background-position":"center center","background-size":"auto","background-attachment":"scroll","background-type":"","background-media":"","overlay-type":"","overlay-color":"","overlay-opacity":"","overlay-gradient":""},"mobile":{"background-color":"","background-image":"","background-repeat":"repeat","background-position":"center center","background-size":"auto","background-attachment":"scroll","background-type":"","background-media":"","overlay-type":"","overlay-color":"","overlay-opacity":"","overlay-gradient":""}},"ast-content-background-meta":{"desktop":{"background-color":"var(--ast-global-color-5)","background-image":"","background-repeat":"repeat","background-position":"center center","background-size":"auto","background-attachment":"scroll","background-type":"","background-media":"","overlay-type":"","overlay-color":"","overlay-opacity":"","overlay-gradient":""},"tablet":{"background-color":"var(--ast-global-color-5)","background-image":"","background-repeat":"repeat","background-position":"center center","background-size":"auto","background-attachment":"scroll","background-type":"","background-media":"","overlay-type":"","overlay-color":"","overlay-opacity":"","overlay-gradient":""},"mobile":{"background-color":"var(--ast-global-color-5)","background-image":"","background-repeat":"repeat","background-position":"center center","background-size":"auto","background-attachment":"scroll","background-type":"","background-media":"","overlay-type":"","overlay-color":"","overlay-opacity":"","overlay-gradient":""}},"_themeisle_gutenberg_block_has_review":false,"footnotes":""},"class_list":["post-178","page","type-page","status-publish","hentry"],"yoast_head":"<!-- This site is optimized with the Yoast SEO plugin v27.4 - https:\/\/yoast.com\/product\/yoast-seo-wordpress\/ -->\n<title>LASH &amp; BROW LIFT - kozmetickistudiobriliant.rs<\/title>\n<meta name=\"robots\" content=\"index, follow, max-snippet:-1, max-image-preview:large, max-video-preview:-1\" \/>\n<link rel=\"canonical\" href=\"https:\/\/briliant.borkoilic.com\/?page_id=178\" \/>\n<meta property=\"og:locale\" content=\"en_GB\" \/>\n<meta property=\"og:type\" content=\"article\" \/>\n<meta property=\"og:title\" content=\"LASH &amp; BROW LIFT - kozmetickistudiobriliant.rs\" \/>\n<meta property=\"og:description\" content=\"LASH &#038; BROW LIFT: Lash &amp; Brow Lift: ovo je tako\u0111e jedna od novijih i sve popularnijih usluga koje kozmeti\u010dki saloni nude. Lash Lift predstavlja tehniku uvijanja trepavica po principu mini-vala a u kombinaciji sa farbanjem trepavica dobija se efekat prirodno gu\u0161\u0107ih tamnjih i uvijenijih trepavica. Brow lift predstavlja bezbednu i bezbolnu metodu za podizanje [&hellip;]\" \/>\n<meta property=\"og:url\" content=\"https:\/\/briliant.borkoilic.com\/?page_id=178\" \/>\n<meta property=\"og:site_name\" content=\"kozmetickistudiobriliant.rs\" \/>\n<meta property=\"article:modified_time\" content=\"2023-06-07T10:00:13+00:00\" \/>\n<meta property=\"og:image\" content=\"https:\/\/briliant.borkoilic.com\/wp-content\/uploads\/2023\/06\/IMG-20230526-WA0000-1024x1024.jpg\" \/>\n<meta name=\"twitter:card\" content=\"summary_large_image\" \/>\n<meta name=\"twitter:label1\" content=\"Estimated reading time\" \/>\n\t<meta name=\"twitter:data1\" content=\"1 minute\" \/>\n<script type=\"application\/ld+json\" class=\"yoast-schema-graph\">{\"@context\":\"https:\\\/\\\/schema.org\",\"@graph\":[{\"@type\":\"WebPage\",\"@id\":\"https:\\\/\\\/briliant.borkoilic.com\\\/?page_id=178\",\"url\":\"https:\\\/\\\/briliant.borkoilic.com\\\/?page_id=178\",\"name\":\"LASH & BROW LIFT - kozmetickistudiobriliant.rs\",\"isPartOf\":{\"@id\":\"https:\\\/\\\/briliant.borkoilic.com\\\/#website\"},\"primaryImageOfPage\":{\"@id\":\"https:\\\/\\\/briliant.borkoilic.com\\\/?page_id=178#primaryimage\"},\"image\":{\"@id\":\"https:\\\/\\\/briliant.borkoilic.com\\\/?page_id=178#primaryimage\"},\"thumbnailUrl\":\"https:\\\/\\\/briliant.borkoilic.com\\\/wp-content\\\/uploads\\\/2023\\\/06\\\/IMG-20230526-WA0000-1024x1024.jpg\",\"datePublished\":\"2023-06-05T16:02:45+00:00\",\"dateModified\":\"2023-06-07T10:00:13+00:00\",\"breadcrumb\":{\"@id\":\"https:\\\/\\\/briliant.borkoilic.com\\\/?page_id=178#breadcrumb\"},\"inLanguage\":\"en-GB\",\"potentialAction\":[{\"@type\":\"ReadAction\",\"target\":[\"https:\\\/\\\/briliant.borkoilic.com\\\/?page_id=178\"]}]},{\"@type\":\"ImageObject\",\"inLanguage\":\"en-GB\",\"@id\":\"https:\\\/\\\/briliant.borkoilic.com\\\/?page_id=178#primaryimage\",\"url\":\"https:\\\/\\\/briliant.borkoilic.com\\\/wp-content\\\/uploads\\\/2023\\\/06\\\/IMG-20230526-WA0000-1024x1024.jpg\",\"contentUrl\":\"https:\\\/\\\/briliant.borkoilic.com\\\/wp-content\\\/uploads\\\/2023\\\/06\\\/IMG-20230526-WA0000-1024x1024.jpg\"},{\"@type\":\"BreadcrumbList\",\"@id\":\"https:\\\/\\\/briliant.borkoilic.com\\\/?page_id=178#breadcrumb\",\"itemListElement\":[{\"@type\":\"ListItem\",\"position\":1,\"name\":\"Home\",\"item\":\"https:\\\/\\\/briliant.borkoilic.com\\\/\"},{\"@type\":\"ListItem\",\"position\":2,\"name\":\"LASH &#038; BROW LIFT\"}]},{\"@type\":\"WebSite\",\"@id\":\"https:\\\/\\\/briliant.borkoilic.com\\\/#website\",\"url\":\"https:\\\/\\\/briliant.borkoilic.com\\\/\",\"name\":\"kozmetickistudiobriliant.rs\",\"description\":\"Kozmeti\u010dki Studio Briliant\",\"potentialAction\":[{\"@type\":\"SearchAction\",\"target\":{\"@type\":\"EntryPoint\",\"urlTemplate\":\"https:\\\/\\\/briliant.borkoilic.com\\\/?s={search_term_string}\"},\"query-input\":{\"@type\":\"PropertyValueSpecification\",\"valueRequired\":true,\"valueName\":\"search_term_string\"}}],\"inLanguage\":\"en-GB\"}]}<\/script>\n<!-- \/ Yoast SEO plugin. -->","yoast_head_json":{"title":"LASH & BROW LIFT - kozmetickistudiobriliant.rs","robots":{"index":"index","follow":"follow","max-snippet":"max-snippet:-1","max-image-preview":"max-image-preview:large","max-video-preview":"max-video-preview:-1"},"canonical":"https:\/\/briliant.borkoilic.com\/?page_id=178","og_locale":"en_GB","og_type":"article","og_title":"LASH & BROW LIFT - kozmetickistudiobriliant.rs","og_description":"LASH &#038; BROW LIFT: Lash &amp; Brow Lift: ovo je tako\u0111e jedna od novijih i sve popularnijih usluga koje kozmeti\u010dki saloni nude. Lash Lift predstavlja tehniku uvijanja trepavica po principu mini-vala a u kombinaciji sa farbanjem trepavica dobija se efekat prirodno gu\u0161\u0107ih tamnjih i uvijenijih trepavica. Brow lift predstavlja bezbednu i bezbolnu metodu za podizanje [&hellip;]","og_url":"https:\/\/briliant.borkoilic.com\/?page_id=178","og_site_name":"kozmetickistudiobriliant.rs","article_modified_time":"2023-06-07T10:00:13+00:00","og_image":[{"url":"https:\/\/briliant.borkoilic.com\/wp-content\/uploads\/2023\/06\/IMG-20230526-WA0000-1024x1024.jpg","type":"","width":"","height":""}],"twitter_card":"summary_large_image","twitter_misc":{"Estimated reading time":"1 minute"},"schema":{"@context":"https:\/\/schema.org","@graph":[{"@type":"WebPage","@id":"https:\/\/briliant.borkoilic.com\/?page_id=178","url":"https:\/\/briliant.borkoilic.com\/?page_id=178","name":"LASH & BROW LIFT - kozmetickistudiobriliant.rs","isPartOf":{"@id":"https:\/\/briliant.borkoilic.com\/#website"},"primaryImageOfPage":{"@id":"https:\/\/briliant.borkoilic.com\/?page_id=178#primaryimage"},"image":{"@id":"https:\/\/briliant.borkoilic.com\/?page_id=178#primaryimage"},"thumbnailUrl":"https:\/\/briliant.borkoilic.com\/wp-content\/uploads\/2023\/06\/IMG-20230526-WA0000-1024x1024.jpg","datePublished":"2023-06-05T16:02:45+00:00","dateModified":"2023-06-07T10:00:13+00:00","breadcrumb":{"@id":"https:\/\/briliant.borkoilic.com\/?page_id=178#breadcrumb"},"inLanguage":"en-GB","potentialAction":[{"@type":"ReadAction","target":["https:\/\/briliant.borkoilic.com\/?page_id=178"]}]},{"@type":"ImageObject","inLanguage":"en-GB","@id":"https:\/\/briliant.borkoilic.com\/?page_id=178#primaryimage","url":"https:\/\/briliant.borkoilic.com\/wp-content\/uploads\/2023\/06\/IMG-20230526-WA0000-1024x1024.jpg","contentUrl":"https:\/\/briliant.borkoilic.com\/wp-content\/uploads\/2023\/06\/IMG-20230526-WA0000-1024x1024.jpg"},{"@type":"BreadcrumbList","@id":"https:\/\/briliant.borkoilic.com\/?page_id=178#breadcrumb","itemListElement":[{"@type":"ListItem","position":1,"name":"Home","item":"https:\/\/briliant.borkoilic.com\/"},{"@type":"ListItem","position":2,"name":"LASH &#038; BROW LIFT"}]},{"@type":"WebSite","@id":"https:\/\/briliant.borkoilic.com\/#website","url":"https:\/\/briliant.borkoilic.com\/","name":"kozmetickistudiobriliant.rs","description":"Kozmeti\u010dki Studio Briliant","potentialAction":[{"@type":"SearchAction","target":{"@type":"EntryPoint","urlTemplate":"https:\/\/briliant.borkoilic.com\/?s={search_term_string}"},"query-input":{"@type":"PropertyValueSpecification","valueRequired":true,"valueName":"search_term_string"}}],"inLanguage":"en-GB"}]}},"_links":{"self":[{"href":"https:\/\/briliant.borkoilic.com\/index.php?rest_route=\/wp\/v2\/pages\/178","targetHints":{"allow":["GET"]}}],"collection":[{"href":"https:\/\/briliant.borkoilic.com\/index.php?rest_route=\/wp\/v2\/pages"}],"about":[{"href":"https:\/\/briliant.borkoilic.com\/index.php?rest_route=\/wp\/v2\/types\/page"}],"author":[{"embeddable":true,"href":"https:\/\/briliant.borkoilic.com\/index.php?rest_route=\/wp\/v2\/users\/1"}],"replies":[{"embeddable":true,"href":"https:\/\/briliant.borkoilic.com\/index.php?rest_route=%2Fwp%2Fv2%2Fcomments&post=178"}],"version-history":[{"count":10,"href":"https:\/\/briliant.borkoilic.com\/index.php?rest_route=\/wp\/v2\/pages\/178\/revisions"}],"predecessor-version":[{"id":357,"href":"https:\/\/briliant.borkoilic.com\/index.php?rest_route=\/wp\/v2\/pages\/178\/revisions\/357"}],"wp:attachment":[{"href":"https:\/\/briliant.borkoilic.com\/index.php?rest_route=%2Fwp%2Fv2%2Fmedia&parent=178"}],"curies":[{"name":"wp","href":"https:\/\/api.w.org\/{rel}","templated":true}]}}