{"id":167,"date":"2023-06-05T16:33:09","date_gmt":"2023-06-05T15:33:09","guid":{"rendered":"https:\/\/kozmetickistudiobriliant.rs\/?page_id=167"},"modified":"2023-06-07T11:01:55","modified_gmt":"2023-06-07T10:01:55","slug":"sminka","status":"publish","type":"page","link":"https:\/\/briliant.borkoilic.com\/?page_id=167","title":{"rendered":"\u0160MINKA"},"content":{"rendered":"\t\t<div data-elementor-type=\"wp-page\" data-elementor-id=\"167\" class=\"elementor elementor-167\" data-elementor-post-type=\"page\">\n\t\t\t\t\t\t<section class=\"ob-is-breaking-bad elementor-section elementor-top-section elementor-element elementor-element-6962458 elementor-section-full_width elementor-section-height-min-height elementor-section-height-default elementor-section-items-middle\" data-id=\"6962458\" data-element_type=\"section\" data-e-type=\"section\" data-settings=\"{&quot;background_background&quot;:&quot;classic&quot;,&quot;_ob_bbad_use_it&quot;:&quot;yes&quot;,&quot;_ob_bbad_sssic_use&quot;:&quot;no&quot;,&quot;_ob_glider_is_slider&quot;:&quot;no&quot;}\">\n\t\t\t\t\t\t\t<div class=\"elementor-background-overlay\"><\/div>\n\t\t\t\t\t\t\t<div class=\"elementor-container elementor-column-gap-default\">\n\t\t\t\t\t<div class=\"elementor-column elementor-col-100 elementor-top-column elementor-element elementor-element-2860a38\" data-id=\"2860a38\" data-element_type=\"column\" data-e-type=\"column\" data-settings=\"{&quot;_ob_bbad_is_stalker&quot;:&quot;no&quot;,&quot;_ob_teleporter_use&quot;:false,&quot;_ob_column_hoveranimator&quot;:&quot;no&quot;,&quot;_ob_column_has_pseudo&quot;:&quot;no&quot;}\">\n\t\t\t<div class=\"elementor-widget-wrap elementor-element-populated\">\n\t\t\t\t\t\t<div class=\"elementor-element elementor-element-fc0d497 ob-harakiri-inherit ob-has-background-overlay elementor-widget elementor-widget-heading\" data-id=\"fc0d497\" data-element_type=\"widget\" data-e-type=\"widget\" data-settings=\"{&quot;_ob_use_harakiri&quot;:&quot;yes&quot;,&quot;_ob_harakiri_writing_mode&quot;:&quot;inherit&quot;,&quot;_ob_harakiri_text_clip&quot;:&quot;none&quot;,&quot;_ob_perspektive_use&quot;:&quot;no&quot;,&quot;_ob_poopart_use&quot;:&quot;yes&quot;,&quot;_ob_shadough_use&quot;:&quot;no&quot;,&quot;_ob_allow_hoveranimator&quot;:&quot;no&quot;,&quot;_ob_widget_stalker_use&quot;:&quot;no&quot;}\" data-widget_type=\"heading.default\">\n\t\t\t\t<div class=\"elementor-widget-container\">\n\t\t\t\t\t<h2 class=\"elementor-heading-title elementor-size-default\">\u0160MINKA :<\/h2>\t\t\t\t<\/div>\n\t\t\t\t<\/div>\n\t\t\t\t\t<\/div>\n\t\t<\/div>\n\t\t\t\t\t<\/div>\n\t\t<\/section>\n\t\t\t\t<section class=\"ob-is-breaking-bad elementor-section elementor-top-section elementor-element elementor-element-40d1bb9 elementor-section-boxed elementor-section-height-default elementor-section-height-default\" data-id=\"40d1bb9\" data-element_type=\"section\" data-e-type=\"section\" data-settings=\"{&quot;_ob_bbad_use_it&quot;:&quot;yes&quot;,&quot;_ob_bbad_sssic_use&quot;:&quot;no&quot;,&quot;_ob_glider_is_slider&quot;:&quot;no&quot;}\">\n\t\t\t\t\t\t<div class=\"elementor-container elementor-column-gap-default\">\n\t\t\t\t\t<div class=\"elementor-column elementor-col-100 elementor-top-column elementor-element elementor-element-a0af088\" data-id=\"a0af088\" data-element_type=\"column\" data-e-type=\"column\" data-settings=\"{&quot;_ob_bbad_is_stalker&quot;:&quot;no&quot;,&quot;_ob_teleporter_use&quot;:false,&quot;_ob_column_hoveranimator&quot;:&quot;no&quot;,&quot;_ob_column_has_pseudo&quot;:&quot;no&quot;}\">\n\t\t\t<div class=\"elementor-widget-wrap elementor-element-populated\">\n\t\t\t\t\t\t<section class=\"ob-is-breaking-bad ob-bb-inner elementor-section elementor-inner-section elementor-element elementor-element-c52056e elementor-section-boxed elementor-section-height-default elementor-section-height-default\" data-id=\"c52056e\" data-element_type=\"section\" data-e-type=\"section\" data-settings=\"{&quot;_ob_bbad_use_it&quot;:&quot;yes&quot;,&quot;_ob_bbad_sssic_use&quot;:&quot;no&quot;,&quot;_ob_glider_is_slider&quot;:&quot;no&quot;}\">\n\t\t\t\t\t\t<div class=\"elementor-container elementor-column-gap-default\">\n\t\t\t\t\t<div class=\"elementor-column elementor-col-50 elementor-inner-column elementor-element elementor-element-64b6df6\" data-id=\"64b6df6\" data-element_type=\"column\" data-e-type=\"column\" data-settings=\"{&quot;_ob_bbad_is_stalker&quot;:&quot;no&quot;,&quot;_ob_teleporter_use&quot;:false,&quot;_ob_column_hoveranimator&quot;:&quot;no&quot;,&quot;_ob_column_has_pseudo&quot;:&quot;no&quot;}\">\n\t\t\t<div class=\"elementor-widget-wrap elementor-element-populated\">\n\t\t\t\t\t\t<div class=\"elementor-element elementor-element-3c76713 ob-has-background-overlay elementor-widget elementor-widget-image\" data-id=\"3c76713\" data-element_type=\"widget\" data-e-type=\"widget\" data-settings=\"{&quot;_ob_photomorph_use&quot;:&quot;no&quot;,&quot;_ob_perspektive_use&quot;:&quot;no&quot;,&quot;_ob_poopart_use&quot;:&quot;yes&quot;,&quot;_ob_shadough_use&quot;:&quot;no&quot;,&quot;_ob_allow_hoveranimator&quot;:&quot;no&quot;,&quot;_ob_widget_stalker_use&quot;:&quot;no&quot;}\" data-widget_type=\"image.default\">\n\t\t\t\t<div class=\"elementor-widget-container\">\n\t\t\t\t\t\t\t\t\t\t\t\t\t\t\t<img fetchpriority=\"high\" decoding=\"async\" width=\"768\" height=\"1024\" src=\"https:\/\/briliant.borkoilic.com\/wp-content\/uploads\/2023\/06\/1685831239526-768x1024.jpg\" class=\"attachment-large size-large wp-image-169\" alt=\"\" srcset=\"https:\/\/briliant.borkoilic.com\/wp-content\/uploads\/2023\/06\/1685831239526-768x1024.jpg 768w, https:\/\/briliant.borkoilic.com\/wp-content\/uploads\/2023\/06\/1685831239526-225x300.jpg 225w, https:\/\/briliant.borkoilic.com\/wp-content\/uploads\/2023\/06\/1685831239526-1152x1536.jpg 1152w, https:\/\/briliant.borkoilic.com\/wp-content\/uploads\/2023\/06\/1685831239526.jpg 1536w\" sizes=\"(max-width: 768px) 100vw, 768px\" \/>\t\t\t\t\t\t\t\t\t\t\t\t\t\t\t<\/div>\n\t\t\t\t<\/div>\n\t\t\t\t<div class=\"elementor-element elementor-element-c40fcc3 ob-has-background-overlay elementor-widget elementor-widget-gallery\" data-id=\"c40fcc3\" data-element_type=\"widget\" data-e-type=\"widget\" data-settings=\"{&quot;lazyload&quot;:&quot;yes&quot;,&quot;gallery_layout&quot;:&quot;grid&quot;,&quot;columns&quot;:4,&quot;columns_tablet&quot;:2,&quot;columns_mobile&quot;:1,&quot;gap&quot;:{&quot;unit&quot;:&quot;px&quot;,&quot;size&quot;:10,&quot;sizes&quot;:[]},&quot;gap_tablet&quot;:{&quot;unit&quot;:&quot;px&quot;,&quot;size&quot;:10,&quot;sizes&quot;:[]},&quot;gap_mobile&quot;:{&quot;unit&quot;:&quot;px&quot;,&quot;size&quot;:10,&quot;sizes&quot;:[]},&quot;link_to&quot;:&quot;file&quot;,&quot;aspect_ratio&quot;:&quot;3:2&quot;,&quot;overlay_background&quot;:&quot;yes&quot;,&quot;content_hover_animation&quot;:&quot;fade-in&quot;,&quot;_ob_perspektive_use&quot;:&quot;no&quot;,&quot;_ob_poopart_use&quot;:&quot;yes&quot;,&quot;_ob_shadough_use&quot;:&quot;no&quot;,&quot;_ob_allow_hoveranimator&quot;:&quot;no&quot;,&quot;_ob_widget_stalker_use&quot;:&quot;no&quot;}\" data-widget_type=\"gallery.default\">\n\t\t\t\t<div class=\"elementor-widget-container\">\n\t\t\t\t\t\t\t<div class=\"elementor-gallery__container\">\n\t\t\t\t\t\t\t<a class=\"e-gallery-item elementor-gallery-item elementor-animated-content\" href=\"https:\/\/briliant.borkoilic.com\/wp-content\/uploads\/2023\/06\/IMG_20230527_222447-scaled.jpg\" data-elementor-open-lightbox=\"yes\" data-elementor-lightbox-slideshow=\"c40fcc3\" data-elementor-lightbox-title=\"IMG_20230527_222447\" data-e-action-hash=\"#elementor-action%3Aaction%3Dlightbox%26settings%3DeyJpZCI6ODgsInVybCI6Imh0dHBzOlwvXC9icmlsaWFudC5ib3Jrb2lsaWMuY29tXC93cC1jb250ZW50XC91cGxvYWRzXC8yMDIzXC8wNlwvSU1HXzIwMjMwNTI3XzIyMjQ0Ny1zY2FsZWQuanBnIiwic2xpZGVzaG93IjoiYzQwZmNjMyJ9\">\n\t\t\t\t\t<div class=\"e-gallery-image elementor-gallery-item__image\" data-thumbnail=\"https:\/\/briliant.borkoilic.com\/wp-content\/uploads\/2023\/06\/IMG_20230527_222447-scaled.jpg\" data-width=\"2240\" data-height=\"2560\" aria-label=\"\" role=\"img\" ><\/div>\n\t\t\t\t\t\t\t\t\t\t\t<div class=\"elementor-gallery-item__overlay\"><\/div>\n\t\t\t\t\t\t\t\t\t\t\t\t\t\t<\/a>\n\t\t\t\t\t\t\t<a class=\"e-gallery-item elementor-gallery-item elementor-animated-content\" href=\"https:\/\/briliant.borkoilic.com\/wp-content\/uploads\/2023\/06\/1685830980999.webp\" data-elementor-open-lightbox=\"yes\" data-elementor-lightbox-slideshow=\"c40fcc3\" data-elementor-lightbox-title=\"1685830980999\" data-e-action-hash=\"#elementor-action%3Aaction%3Dlightbox%26settings%3DeyJpZCI6OTAsInVybCI6Imh0dHBzOlwvXC9icmlsaWFudC5ib3Jrb2lsaWMuY29tXC93cC1jb250ZW50XC91cGxvYWRzXC8yMDIzXC8wNlwvMTY4NTgzMDk4MDk5OS53ZWJwIiwic2xpZGVzaG93IjoiYzQwZmNjMyJ9\">\n\t\t\t\t\t<div class=\"e-gallery-image elementor-gallery-item__image\" data-thumbnail=\"https:\/\/briliant.borkoilic.com\/wp-content\/uploads\/2023\/06\/1685830980999.webp\" data-width=\"1440\" data-height=\"1440\" aria-label=\"\" role=\"img\" ><\/div>\n\t\t\t\t\t\t\t\t\t\t\t<div class=\"elementor-gallery-item__overlay\"><\/div>\n\t\t\t\t\t\t\t\t\t\t\t\t\t\t<\/a>\n\t\t\t\t\t\t\t<a class=\"e-gallery-item elementor-gallery-item elementor-animated-content\" href=\"https:\/\/briliant.borkoilic.com\/wp-content\/uploads\/2023\/06\/pexels-lucas-pezeta-2328149-scaled.jpg\" data-elementor-open-lightbox=\"yes\" data-elementor-lightbox-slideshow=\"c40fcc3\" data-elementor-lightbox-title=\"pexels-lucas-pezeta-2328149\" data-e-action-hash=\"#elementor-action%3Aaction%3Dlightbox%26settings%3DeyJpZCI6NjIsInVybCI6Imh0dHBzOlwvXC9icmlsaWFudC5ib3Jrb2lsaWMuY29tXC93cC1jb250ZW50XC91cGxvYWRzXC8yMDIzXC8wNlwvcGV4ZWxzLWx1Y2FzLXBlemV0YS0yMzI4MTQ5LXNjYWxlZC5qcGciLCJzbGlkZXNob3ciOiJjNDBmY2MzIn0%3D\">\n\t\t\t\t\t<div class=\"e-gallery-image elementor-gallery-item__image\" data-thumbnail=\"https:\/\/briliant.borkoilic.com\/wp-content\/uploads\/2023\/06\/pexels-lucas-pezeta-2328149-scaled.jpg\" data-width=\"2560\" data-height=\"1440\" aria-label=\"\" role=\"img\" ><\/div>\n\t\t\t\t\t\t\t\t\t\t\t<div class=\"elementor-gallery-item__overlay\"><\/div>\n\t\t\t\t\t\t\t\t\t\t\t\t\t\t<\/a>\n\t\t\t\t\t\t\t<a class=\"e-gallery-item elementor-gallery-item elementor-animated-content\" href=\"https:\/\/briliant.borkoilic.com\/wp-content\/uploads\/2023\/06\/1685831239526.jpg\" data-elementor-open-lightbox=\"yes\" data-elementor-lightbox-slideshow=\"c40fcc3\" data-elementor-lightbox-title=\"1685831239526\" data-e-action-hash=\"#elementor-action%3Aaction%3Dlightbox%26settings%3DeyJpZCI6MTY5LCJ1cmwiOiJodHRwczpcL1wvYnJpbGlhbnQuYm9ya29pbGljLmNvbVwvd3AtY29udGVudFwvdXBsb2Fkc1wvMjAyM1wvMDZcLzE2ODU4MzEyMzk1MjYuanBnIiwic2xpZGVzaG93IjoiYzQwZmNjMyJ9\">\n\t\t\t\t\t<div class=\"e-gallery-image elementor-gallery-item__image\" data-thumbnail=\"https:\/\/briliant.borkoilic.com\/wp-content\/uploads\/2023\/06\/1685831239526.jpg\" data-width=\"1536\" data-height=\"2048\" aria-label=\"\" role=\"img\" ><\/div>\n\t\t\t\t\t\t\t\t\t\t\t<div class=\"elementor-gallery-item__overlay\"><\/div>\n\t\t\t\t\t\t\t\t\t\t\t\t\t\t<\/a>\n\t\t\t\t\t<\/div>\n\t\t\t\t\t<\/div>\n\t\t\t\t<\/div>\n\t\t\t\t\t<\/div>\n\t\t<\/div>\n\t\t\t\t<div class=\"elementor-column elementor-col-50 elementor-inner-column elementor-element elementor-element-f2b3ad5\" data-id=\"f2b3ad5\" data-element_type=\"column\" data-e-type=\"column\" data-settings=\"{&quot;_ob_bbad_is_stalker&quot;:&quot;no&quot;,&quot;_ob_teleporter_use&quot;:false,&quot;_ob_column_hoveranimator&quot;:&quot;no&quot;,&quot;_ob_column_has_pseudo&quot;:&quot;no&quot;}\">\n\t\t\t<div class=\"elementor-widget-wrap elementor-element-populated\">\n\t\t\t\t\t\t<div class=\"elementor-element elementor-element-2f91c5c ob-harakiri-inherit ob-has-background-overlay elementor-widget elementor-widget-text-editor\" data-id=\"2f91c5c\" data-element_type=\"widget\" data-e-type=\"widget\" data-settings=\"{&quot;_ob_use_harakiri&quot;:&quot;yes&quot;,&quot;_ob_harakiri_writing_mode&quot;:&quot;inherit&quot;,&quot;_ob_postman_use&quot;:&quot;no&quot;,&quot;_ob_perspektive_use&quot;:&quot;no&quot;,&quot;_ob_poopart_use&quot;:&quot;yes&quot;,&quot;_ob_shadough_use&quot;:&quot;no&quot;,&quot;_ob_allow_hoveranimator&quot;:&quot;no&quot;,&quot;_ob_widget_stalker_use&quot;:&quot;no&quot;}\" data-widget_type=\"text-editor.default\">\n\t\t\t\t<div class=\"elementor-widget-container\">\n\t\t\t\t\t\t\t\t\t<ul><li><strong><em>\u0160minkanje:<\/em><\/strong> Svako od nas ima neku posebnu priliku u \u017eivotu kada \u017eeli da zablista a onda tu nastupamo mi profesionalni \u0161minkeri. Naravno nismo ma\u0111ioni\u010dari a ni plasti\u010dni hirurzi ali svojim ve\u0161tima mo\u017eemo itekako da pobolj\u0161amo stvari, odabirom odgovaraju\u0107ih proizvoda i izvo\u0111enjenjem pravih tehnika mo\u017eemo znatno popraviti celokupan izgled lica, o\u010diju, nosa. Kao i sve ostalo i\u00a0 ovde postoji vi\u0161e razli\u010ditih stilova i tehnika \u0161minkanja koje\u00a0 se primenjuju u zavinosti od \u017eeljenog cilja. Njapopularnije tehnike u na\u0161em salonu su blendani eyeliner kao i postizanje ma\u010dkastog izgleda o\u010diju \u0161to je negde i moj li\u010dni pe\u010dat. Naravno izme\u0111u ostalog nesmemo zanemariti ni \u0161to prirodniji izgled odnosno NUDE lukove, dnevnu \u0161minku kao scensku \u0161minku namenjenu isklju\u010divo za kamere.<\/li><\/ul>\t\t\t\t\t\t\t\t<\/div>\n\t\t\t\t<\/div>\n\t\t\t\t\t<\/div>\n\t\t<\/div>\n\t\t\t\t\t<\/div>\n\t\t<\/section>\n\t\t\t\t\t<\/div>\n\t\t<\/div>\n\t\t\t\t\t<\/div>\n\t\t<\/section>\n\t\t\t\t<\/div>\n\t\t","protected":false},"excerpt":{"rendered":"<p>\u0160MINKA : \u0160minkanje: Svako od nas ima neku posebnu priliku u \u017eivotu kada \u017eeli da zablista a onda tu nastupamo mi profesionalni \u0161minkeri. Naravno nismo ma\u0111ioni\u010dari a ni plasti\u010dni hirurzi ali svojim ve\u0161tima mo\u017eemo itekako da pobolj\u0161amo stvari, odabirom odgovaraju\u0107ih proizvoda i izvo\u0111enjenjem pravih tehnika mo\u017eemo znatno popraviti celokupan izgled lica, o\u010diju, nosa. Kao i [&hellip;]<\/p>\n","protected":false},"author":1,"featured_media":0,"parent":0,"menu_order":0,"comment_status":"closed","ping_status":"closed","template":"elementor_header_footer","meta":{"_monsterinsights_skip_tracking":false,"_monsterinsights_sitenote_active":false,"_monsterinsights_sitenote_note":"","_monsterinsights_sitenote_category":0,"_uf_show_specific_survey":0,"_uf_disable_surveys":false,"site-sidebar-layout":"no-sidebar","site-content-layout":"page-builder","ast-site-content-layout":"default","site-content-style":"default","site-sidebar-style":"default","ast-global-header-display":"","ast-banner-title-visibility":"","ast-main-header-display":"","ast-hfb-above-header-display":"","ast-hfb-below-header-display":"","ast-hfb-mobile-header-display":"","site-post-title":"disabled","ast-breadcrumbs-content":"","ast-featured-img":"disabled","footer-sml-layout":"","ast-disable-related-posts":"","theme-transparent-header-meta":"","adv-header-id-meta":"","stick-header-meta":"","header-above-stick-meta":"","header-main-stick-meta":"","header-below-stick-meta":"","astra-migrate-meta-layouts":"default","ast-page-background-enabled":"default","ast-page-background-meta":{"desktop":{"background-color":"var(--ast-global-color-4)","background-image":"","background-repeat":"repeat","background-position":"center center","background-size":"auto","background-attachment":"scroll","background-type":"","background-media":"","overlay-type":"","overlay-color":"","overlay-opacity":"","overlay-gradient":""},"tablet":{"background-color":"","background-image":"","background-repeat":"repeat","background-position":"center center","background-size":"auto","background-attachment":"scroll","background-type":"","background-media":"","overlay-type":"","overlay-color":"","overlay-opacity":"","overlay-gradient":""},"mobile":{"background-color":"","background-image":"","background-repeat":"repeat","background-position":"center center","background-size":"auto","background-attachment":"scroll","background-type":"","background-media":"","overlay-type":"","overlay-color":"","overlay-opacity":"","overlay-gradient":""}},"ast-content-background-meta":{"desktop":{"background-color":"var(--ast-global-color-5)","background-image":"","background-repeat":"repeat","background-position":"center center","background-size":"auto","background-attachment":"scroll","background-type":"","background-media":"","overlay-type":"","overlay-color":"","overlay-opacity":"","overlay-gradient":""},"tablet":{"background-color":"var(--ast-global-color-5)","background-image":"","background-repeat":"repeat","background-position":"center center","background-size":"auto","background-attachment":"scroll","background-type":"","background-media":"","overlay-type":"","overlay-color":"","overlay-opacity":"","overlay-gradient":""},"mobile":{"background-color":"var(--ast-global-color-5)","background-image":"","background-repeat":"repeat","background-position":"center center","background-size":"auto","background-attachment":"scroll","background-type":"","background-media":"","overlay-type":"","overlay-color":"","overlay-opacity":"","overlay-gradient":""}},"_themeisle_gutenberg_block_has_review":false,"footnotes":""},"class_list":["post-167","page","type-page","status-publish","hentry"],"yoast_head":"<!-- This site is optimized with the Yoast SEO plugin v27.4 - https:\/\/yoast.com\/product\/yoast-seo-wordpress\/ -->\n<title>\u0160MINKA - kozmetickistudiobriliant.rs<\/title>\n<meta name=\"robots\" content=\"index, follow, max-snippet:-1, max-image-preview:large, max-video-preview:-1\" \/>\n<link rel=\"canonical\" href=\"https:\/\/briliant.borkoilic.com\/?page_id=167\" \/>\n<meta property=\"og:locale\" content=\"en_GB\" \/>\n<meta property=\"og:type\" content=\"article\" \/>\n<meta property=\"og:title\" content=\"\u0160MINKA - kozmetickistudiobriliant.rs\" \/>\n<meta property=\"og:description\" content=\"\u0160MINKA : \u0160minkanje: Svako od nas ima neku posebnu priliku u \u017eivotu kada \u017eeli da zablista a onda tu nastupamo mi profesionalni \u0161minkeri. Naravno nismo ma\u0111ioni\u010dari a ni plasti\u010dni hirurzi ali svojim ve\u0161tima mo\u017eemo itekako da pobolj\u0161amo stvari, odabirom odgovaraju\u0107ih proizvoda i izvo\u0111enjenjem pravih tehnika mo\u017eemo znatno popraviti celokupan izgled lica, o\u010diju, nosa. Kao i [&hellip;]\" \/>\n<meta property=\"og:url\" content=\"https:\/\/briliant.borkoilic.com\/?page_id=167\" \/>\n<meta property=\"og:site_name\" content=\"kozmetickistudiobriliant.rs\" \/>\n<meta property=\"article:modified_time\" content=\"2023-06-07T10:01:55+00:00\" \/>\n<meta property=\"og:image\" content=\"https:\/\/briliant.borkoilic.com\/wp-content\/uploads\/2023\/06\/1685831239526-768x1024.jpg\" \/>\n<meta name=\"twitter:card\" content=\"summary_large_image\" \/>\n<meta name=\"twitter:label1\" content=\"Estimated reading time\" \/>\n\t<meta name=\"twitter:data1\" content=\"1 minute\" \/>\n<script type=\"application\/ld+json\" class=\"yoast-schema-graph\">{\"@context\":\"https:\\\/\\\/schema.org\",\"@graph\":[{\"@type\":\"WebPage\",\"@id\":\"https:\\\/\\\/briliant.borkoilic.com\\\/?page_id=167\",\"url\":\"https:\\\/\\\/briliant.borkoilic.com\\\/?page_id=167\",\"name\":\"\u0160MINKA - kozmetickistudiobriliant.rs\",\"isPartOf\":{\"@id\":\"https:\\\/\\\/briliant.borkoilic.com\\\/#website\"},\"primaryImageOfPage\":{\"@id\":\"https:\\\/\\\/briliant.borkoilic.com\\\/?page_id=167#primaryimage\"},\"image\":{\"@id\":\"https:\\\/\\\/briliant.borkoilic.com\\\/?page_id=167#primaryimage\"},\"thumbnailUrl\":\"https:\\\/\\\/briliant.borkoilic.com\\\/wp-content\\\/uploads\\\/2023\\\/06\\\/1685831239526-768x1024.jpg\",\"datePublished\":\"2023-06-05T15:33:09+00:00\",\"dateModified\":\"2023-06-07T10:01:55+00:00\",\"breadcrumb\":{\"@id\":\"https:\\\/\\\/briliant.borkoilic.com\\\/?page_id=167#breadcrumb\"},\"inLanguage\":\"en-GB\",\"potentialAction\":[{\"@type\":\"ReadAction\",\"target\":[\"https:\\\/\\\/briliant.borkoilic.com\\\/?page_id=167\"]}]},{\"@type\":\"ImageObject\",\"inLanguage\":\"en-GB\",\"@id\":\"https:\\\/\\\/briliant.borkoilic.com\\\/?page_id=167#primaryimage\",\"url\":\"https:\\\/\\\/briliant.borkoilic.com\\\/wp-content\\\/uploads\\\/2023\\\/06\\\/1685831239526-768x1024.jpg\",\"contentUrl\":\"https:\\\/\\\/briliant.borkoilic.com\\\/wp-content\\\/uploads\\\/2023\\\/06\\\/1685831239526-768x1024.jpg\"},{\"@type\":\"BreadcrumbList\",\"@id\":\"https:\\\/\\\/briliant.borkoilic.com\\\/?page_id=167#breadcrumb\",\"itemListElement\":[{\"@type\":\"ListItem\",\"position\":1,\"name\":\"Home\",\"item\":\"https:\\\/\\\/briliant.borkoilic.com\\\/\"},{\"@type\":\"ListItem\",\"position\":2,\"name\":\"\u0160MINKA\"}]},{\"@type\":\"WebSite\",\"@id\":\"https:\\\/\\\/briliant.borkoilic.com\\\/#website\",\"url\":\"https:\\\/\\\/briliant.borkoilic.com\\\/\",\"name\":\"kozmetickistudiobriliant.rs\",\"description\":\"Kozmeti\u010dki Studio Briliant\",\"potentialAction\":[{\"@type\":\"SearchAction\",\"target\":{\"@type\":\"EntryPoint\",\"urlTemplate\":\"https:\\\/\\\/briliant.borkoilic.com\\\/?s={search_term_string}\"},\"query-input\":{\"@type\":\"PropertyValueSpecification\",\"valueRequired\":true,\"valueName\":\"search_term_string\"}}],\"inLanguage\":\"en-GB\"}]}<\/script>\n<!-- \/ Yoast SEO plugin. -->","yoast_head_json":{"title":"\u0160MINKA - kozmetickistudiobriliant.rs","robots":{"index":"index","follow":"follow","max-snippet":"max-snippet:-1","max-image-preview":"max-image-preview:large","max-video-preview":"max-video-preview:-1"},"canonical":"https:\/\/briliant.borkoilic.com\/?page_id=167","og_locale":"en_GB","og_type":"article","og_title":"\u0160MINKA - kozmetickistudiobriliant.rs","og_description":"\u0160MINKA : \u0160minkanje: Svako od nas ima neku posebnu priliku u \u017eivotu kada \u017eeli da zablista a onda tu nastupamo mi profesionalni \u0161minkeri. Naravno nismo ma\u0111ioni\u010dari a ni plasti\u010dni hirurzi ali svojim ve\u0161tima mo\u017eemo itekako da pobolj\u0161amo stvari, odabirom odgovaraju\u0107ih proizvoda i izvo\u0111enjenjem pravih tehnika mo\u017eemo znatno popraviti celokupan izgled lica, o\u010diju, nosa. Kao i [&hellip;]","og_url":"https:\/\/briliant.borkoilic.com\/?page_id=167","og_site_name":"kozmetickistudiobriliant.rs","article_modified_time":"2023-06-07T10:01:55+00:00","og_image":[{"url":"https:\/\/briliant.borkoilic.com\/wp-content\/uploads\/2023\/06\/1685831239526-768x1024.jpg","type":"","width":"","height":""}],"twitter_card":"summary_large_image","twitter_misc":{"Estimated reading time":"1 minute"},"schema":{"@context":"https:\/\/schema.org","@graph":[{"@type":"WebPage","@id":"https:\/\/briliant.borkoilic.com\/?page_id=167","url":"https:\/\/briliant.borkoilic.com\/?page_id=167","name":"\u0160MINKA - kozmetickistudiobriliant.rs","isPartOf":{"@id":"https:\/\/briliant.borkoilic.com\/#website"},"primaryImageOfPage":{"@id":"https:\/\/briliant.borkoilic.com\/?page_id=167#primaryimage"},"image":{"@id":"https:\/\/briliant.borkoilic.com\/?page_id=167#primaryimage"},"thumbnailUrl":"https:\/\/briliant.borkoilic.com\/wp-content\/uploads\/2023\/06\/1685831239526-768x1024.jpg","datePublished":"2023-06-05T15:33:09+00:00","dateModified":"2023-06-07T10:01:55+00:00","breadcrumb":{"@id":"https:\/\/briliant.borkoilic.com\/?page_id=167#breadcrumb"},"inLanguage":"en-GB","potentialAction":[{"@type":"ReadAction","target":["https:\/\/briliant.borkoilic.com\/?page_id=167"]}]},{"@type":"ImageObject","inLanguage":"en-GB","@id":"https:\/\/briliant.borkoilic.com\/?page_id=167#primaryimage","url":"https:\/\/briliant.borkoilic.com\/wp-content\/uploads\/2023\/06\/1685831239526-768x1024.jpg","contentUrl":"https:\/\/briliant.borkoilic.com\/wp-content\/uploads\/2023\/06\/1685831239526-768x1024.jpg"},{"@type":"BreadcrumbList","@id":"https:\/\/briliant.borkoilic.com\/?page_id=167#breadcrumb","itemListElement":[{"@type":"ListItem","position":1,"name":"Home","item":"https:\/\/briliant.borkoilic.com\/"},{"@type":"ListItem","position":2,"name":"\u0160MINKA"}]},{"@type":"WebSite","@id":"https:\/\/briliant.borkoilic.com\/#website","url":"https:\/\/briliant.borkoilic.com\/","name":"kozmetickistudiobriliant.rs","description":"Kozmeti\u010dki Studio Briliant","potentialAction":[{"@type":"SearchAction","target":{"@type":"EntryPoint","urlTemplate":"https:\/\/briliant.borkoilic.com\/?s={search_term_string}"},"query-input":{"@type":"PropertyValueSpecification","valueRequired":true,"valueName":"search_term_string"}}],"inLanguage":"en-GB"}]}},"_links":{"self":[{"href":"https:\/\/briliant.borkoilic.com\/index.php?rest_route=\/wp\/v2\/pages\/167","targetHints":{"allow":["GET"]}}],"collection":[{"href":"https:\/\/briliant.borkoilic.com\/index.php?rest_route=\/wp\/v2\/pages"}],"about":[{"href":"https:\/\/briliant.borkoilic.com\/index.php?rest_route=\/wp\/v2\/types\/page"}],"author":[{"embeddable":true,"href":"https:\/\/briliant.borkoilic.com\/index.php?rest_route=\/wp\/v2\/users\/1"}],"replies":[{"embeddable":true,"href":"https:\/\/briliant.borkoilic.com\/index.php?rest_route=%2Fwp%2Fv2%2Fcomments&post=167"}],"version-history":[{"count":10,"href":"https:\/\/briliant.borkoilic.com\/index.php?rest_route=\/wp\/v2\/pages\/167\/revisions"}],"predecessor-version":[{"id":372,"href":"https:\/\/briliant.borkoilic.com\/index.php?rest_route=\/wp\/v2\/pages\/167\/revisions\/372"}],"wp:attachment":[{"href":"https:\/\/briliant.borkoilic.com\/index.php?rest_route=%2Fwp%2Fv2%2Fmedia&parent=167"}],"curies":[{"name":"wp","href":"https:\/\/api.w.org\/{rel}","templated":true}]}}